e -2 + 0 + (9 - 5) + (21 - 22).
1
3 + (5 - -5 - 5 - (0 - -5))
3
Evaluate 22 + (-23 - -9) - 24.
-16
Evaluate (16 - 8) + -5 + 11 + -8 - -19.
25
Evaluate 0 + 3 + (-63 - -90 - 29).
1
Calculate 26 - 4 - (-5 - -18).
9
What is -3 + (3 - -2) + (-42 - -39)?
-1
What is -7 - (-5 - ((0 - 7) + -4) - -1)?
-14
Calculate 3 - (3 - (-5 + 6)).
1
What is -33 + (36 - 10) + (0 - 14)?
-21
2 + 1 - (-4 + -3 + -7)
17
What is 8 + (-103 + 115 - (1 - -32))?
-13
What is the value of -1 + 10 + 15 + -19 + -23 + -5?
-23
-8 + 8 - (-1 + -2 + (32 - 29))
0
What is (-57 - -21) + 11 + 23?
-2
Calculate 10 - 2 - (-9 - -23).
-6
Calculate -3 + (-7 - 1) + (28 - 33).
-16
What is 7 + (1 - (18 + 6 + -6 + -4))?
-6
Calculate -10 - (-16 + (-16 + 10 - (5 + -22))).
-5
Evaluate (19 - 1) + -1 - (2 - (-3 + 11)).
23
What is the value of (-14 - (22 - 41)) + 1 + -7?
-1
What is 6 - -1 - ((-17 - -17) + 16 + -25)?
16
What is the value of (2 - 2) + -7 - (-31 + 24 + -1)?
1
What is -8 + (-9 - 6) + 32?
9
(0 - (-2 + -9)) + 7 + -38
-20
Evaluate 5 + (-3 + 20 - 11) + -31.
-20
Calculate -2 - (1 + -9 - (9 + (1 - 26))).
-10
278 - 273 - (1 - -2)
2
Evaluate -21 + 33 + (1 - 22).
-9
(-5 + -10 - 9) + 13 + -7
-18
What is -2 - 4 - (19 - 49) - (4 + -2)?
22
(-2 - (0 + 4)) + 74 + -70 - 12
-14
What is 26 + -15 + 11 + -10 + -2 - 5?
5
What is 37 + (5 - 9 - 13) + 0?
20
What is -8 + (1 - -2) + 4 + -2 - 0?
-3
What is the value of -21 - -44 - (25 - -2)?
-4
Calculate -3 + 25 + -8 + -2 + 6 + -7.
11
Evaluate -2 + 2 - (126 - 128).
2
What is the value of -24 + 25 + (-21 - 2)?
-22
Calculate 10 - ((-1 - -11) + 71 + -74).
3
0 - 13 - (8 + (8 - 25) + 6)
-10
1 - (3 + (-19 + 41 - (-2 + -2)))
-28
41 + -23 + 3 + -13 + 6
14
What is the value of 669 + -663 - (4 + 1 + 0 + 0)?
1
What is 14 + 18 + (65 - 74)?
23
Evaluate -1 + 5 - (18 + 7 - 41).
20
Evaluate -5 - (5 - 13 - 13).
16
Evaluate (24 - 5) + (-38 - -24).
5
-9 - -6 - 1 - (-5 - -4)
-3
-1 - (-1 + -3 + -8) - 31
-20
14 + 9 + -22 - (21 + 4)
-24
Evaluate -14 - -45 - (45 - 26).
12
What is the value of -9 + -2 - (-19 - -3)?
5
What is 27 + -15 - 31 - (-1 + -1 + 1)?
-18
What is the value of (-8 + 5 - (4 - 1)) + (4 - -8)?
6
Calculate 3 - 7 - (-5 + -5 + 10).
-4
6 + -4 + (-4 - 10) + 4
-8
(-8 - (1 - 6)) + (-11 - -9)
-5
What is (-27 - (-3 + -2)) + 6 + 3?
-13
What is 38 + (-20 - -20) + -23?
15
3 - (18 - 7) - -10 - -11 - 1
12
Evaluate (1 - 7) + (-3 - -10 - -3 - 12).
-8
What is the value of 4 - (11 + (7 - 30) + 4)?
12
Evaluate (43 - 14) + -18 + -2 + (-29 - 1).
-21
Evaluate 3 + -52 + (353 - 316).
-12
Calculate 5 - (4 + -4 + 8 + -11 - 0).
8
What is 4 + (-12 - 9 - -8)?
-9
What is 18 - 11 - (20 + 3) - -8?
-8
Evaluate 6 + (4 - -1) + -2 + -10.
-1
Calculate -9 + -18 + (27 - 15).
-15
What is 23 - (0 - 3 - -9 - (93 - 92))?
18
What is the value of (164 - 151) + (8 - (3 - 2))?
20
8 + 8 - (4 + 2)
10
-2 - (2 - (-1 + (2 - -6)))
3
What is the value of -3 - (-6 + 8 - 16)?
11
Evaluate (-589 - -586) + (-1 - 5).
-9
What is the value of -18 - 39 - (74 + -108)?
-23
(-3 - (11 - 10)) + 2
-2
Calculate -30 + 27 + -22 + 25.
0
Evaluate -7 + 1 + 2 + (-24 - 1) + 16.
-13
Calculate -4 - -10 - (-32 - -21).
17
8 - ((-7 - (-3 + 3)) + 27)
-12
What is -12 + -15 + (42 - 24)?
-9
Calculate 3 - -2 - (73 + -67).
-1
What is (14 - (21 + 0)) + -1 + 22 + -1?
13
Evaluate 5 - ((-3 - 4) + 4 - -5).
3
What is -17 - (-27 - -11 - -19)?
-20
Calculate -4 - (2 + -8 + -3 + (-55 - -84)).
-24
What is the value of 2 - ((3 - 19) + -12)?
30
Calculate 0 - (2 + -1 + -4) - (18 - 23).
8
What is -10 + (-32 - -32) - (-9 + 1)?
-2
Evaluate -2 + 1 - (-12 - (-21 + 15 + -8)).
-3
Evaluate 0 - 11 - (12 - (-11 + 8 + 12)).
-14
What is -8 - (1 + (37 + -25 - (9 - 1)))?
-13
What is the value of 1 + 6 + -4 - (5 + -9)?
7
What is -5 - (13 + -17 + 6)?
-7
Evaluate -2 + 32 + -17 + -5.
8
What is -4 - (-11 - (6 + 2 - 3))?
12
What is the value of (1 - (12 - 3)) + 6 - (-22 - 1)?
21
Evaluate -1 + (-2 - 2) + (381 - 382).
-6
Evaluate -31 - (30 - 56) - -16.
11
(10 - -1) + (-11 - 3 - (-1 + -5))
3
What is the value of 0 + 5 + (-8 - (13 - -4 - 17))?
-3
Calculate (-2 - 1) + -2 + 2 - (-33 + 26).
4
-255 - -244 - (-30 + 1)
18
What is 3 + (0 - ((-2 - -5) + -2 - 7))?
9
1 + (1 - (5 + (-6 - -8))) - -13
8
What is the value of 5 + (10 - (-8 + (11 - 4)))?
16
Evaluate -29 + (6 + -30 - -75).
22
5 + -11 + -25 + 35
4
What is 5 - ((-431 - -411) + 60 + 1)?
-36
What is (16 - (-9 + 3 - -3)) + (-9 - 0)?
10
Evaluate 8 - 12 - (0 + 0 - -5).
-9
Calculate (40 - 4 - 26) + (1 - -2) - 0.
13
26 + -2 + -7 + -6 + 5 - 0
16
What is ((-12 - 0) + -1 - 8) + 2 + -1?
-20
What is (7 - -6 - 20) + 7?
0
Evaluate (-12 - -3) + 19 + -61 + 75.
24
What is -9 + -7 + 4 - (11 + -39)?
16
What is 298 - 283 - (-2 - 7)?
24
Evaluate 175 - 184 - (-1 + -1 - (11 + -8)).
-4
Evaluate -19 + (7 - (-24 + 19)).
-7
Evaluate -53 + 37 - (5 - (16 - 2)).
-7
Evaluate (36 + -44 - (15 - -1)) + 4.
-20
What is -660 + 650 - (-37 + 1)?
26
1 + (6 - (1 + 8 - (8 - 4)))
2
Calculate 3 - -6 - 3 - (-5 + 1 + 2).
8
What is (22 - (22 - 11)) + -45 + 1 + 2?
-31
Calculate 6 - 2 - (-27 - (-6 - 8)).
17
34 - (101 + -83 - (8 + -1))
23
What is (18 - (-8 + 14)) + -13?
-1
-6 - -12 - (19 - 6) - (-33 + -1)
27
What is (-1 - -6 - -1) + (-1 - 3) - 7?
-5
8 - (7 + (2 - 1) - 7)
7
725 + -708 + (0 - (-7 + 0 - -2))
22
What is the value of 13 - 2 - ((12 - 32) + 26)?
5
1 + 2 + 0 + -6 + 0 - -7
4
What is the value of 55 - 48 - (6 - (1 + (-6 - -8)))?
4
What is (-1 - 1) + -10 + (19 - -5)?
12
0 + -9 + (-9 - -18) + -5
-5
What is the value of -3 - (1 + 1 + -4 + -7 + -5)?
11
197 + -185 + (2 - 19)
-5
13 + -17 + -18 + -2 + (0 - -6)
-18
What is the value of 14 - 23 - -23 - (-9 + (5 - -16))?
2
What is 5 - (-9 + -6 + 7 + 14)?
-1
-2 - (31 + -31 - (6 - -1)) - 11
-6
Calculate -7 - (-3 - (0 + -4 + 10)).
2
What is -9 - (-9 + (9 - -1 - -2))?
-12
Calculate (-3 - (-20 + 16)) + (-4 - 0) - -16.
13
What is the value of 32 - (8 + -9 - -5 - 8 - -6)?
30
Evaluate (10 + 4 - 8) + -12.
-6
Calculate (-1 - -3 - (10 + -13)) + 1.
6
-1 + 7 + (2 - 3) - (-402 + 419)
-12
What is 12 - ((54 - 54) + (4 - 2) + 1)?
9
Evaluate (20 - 10) + 2 + 19.
31
What is (5 - 7) + -9 - -28?
17
Evaluate -5 - (-1 + 16 - (195 - 186)) - 11.
-22
What is (24 + -11 - (-12 + 11)) + 3?
17
Calculate -11 - (-12 + 3 - (-17 - -10)).
-9
What is -5 + -7 + (-8 - -10)?
-10
What is -7 + (38 - (-6 + 32)) + 0 + 0?
5
What is 1 + -2 + -38 - -10?
-29
What is the value of -21 + (13 + (-29 - -15) - -15)?
-7
Calculate (1 - (3 - (0 - -5))) + (7 - 41).
-31
Calculate (2 - -14) + -26 - (-7 + 1).
-4
What is the value of -9 + 4 + -8 + 25?
12
Evaluate 14 - (2 + -7 + -95 + 106).
8
What is 1 + (13 + 3 + 1 - 6) + -6?
6
What is the value of (3 - 4) + 2 - (25 + -24)?
0
(-4 - (-4 + 1)) + (-2 - -15)
12
What is the value of -23 + 27 + (-3 + -4 - 2) + 23?
18
What is the value of 185 + -207 - (3 - -3)?
-28
What is 5 + -7 + 0 + -1 + -5?
-8
What is the value of -23 + 5 + -27 + 22?
-23
What is the value of -1 + -4 + 13 + -22 + (-1 - -5)?
-10
(92 - 99) + 2 + 0 - -29
24
Calculate 24 + -1 - ((-4 - -24 - 4) + -13).
20
What is 7 - 4 - 35 - (-12 + -15 + 22)?
-27
What is the value of -30 + 17 + 6 - (-1 + -9) - -22?
25
(-4 + -8 - 3) + 15
0
Evaluate -25 - 11 - (-1 + -19).
-16
Calculate (87 - 61 - (3 + -1 - 3)) + -10.
17
What is -25 - -33 - (9 - (-1 + (5 - 1)))?
2
Calculate -17 + 2 + 214 + -166 - 2.
31
0 - (1 - (6 - (-6 + (17 - 2))))
-4
Evaluate 19 - (-11 + 57 + -10).
-17
Calculate -15 + (1 - -7 - (-79 + 54)).
18
What is the value of -38 + (21 - 23) - -30?
-10
What is the value of -46 + (201 - 199 - (-6 - 0)) + 12?
-26
Calculate 29 - (-18 + 46 + 27).
-26
What is 26 + -6 + 18 + -13?
25
Evaluate (-4 - -2) + 1 - (-80 + 68).
11
What is (-9 - (2 - 6)) + (-51 - -70)?
14
What is the value of -1573 + 1593 + -6 + 1 + 1 + -3?
13
Calculate (1 - -2) + -11 + (42 - 41) + -26.
-33
0 + 0 + -2 + 5 - 9
-6
What is the value of 22 + -11 + -27 - -15?
-1
Evaluate (-1 - (6 + 1)) + 7 + 3.
2
What is 9 + (3 - (-2 + 10)) + -18 + 28?
14
What is the value of (-1 - 31) + 10 + 11 + (16 - 32)?
-27
Calculate -12 + -6 + (-7 - -16).
-9
Calculate (8 + 2 - (-36 - -49)) + (-11 - 0).
-14
Evaluate -15 + 11 + 11 - -1.
8
Calculate -20 - (-16 - 2 - -14).
-16
Calculate (-8 - -41) + (-137 - -127).
23
What is the value of (1 - 9) + 2 - (-271 - -262)?
3
-4 + (1 + -1 - 8) + -8 + 7
-13
What is -4 - (-29 + -1 + 19)?
7
What is the value of 2655 + -2643 + -1 + -26?
-15
Ev